{"id":41,"date":"2024-03-26T18:21:14","date_gmt":"2024-03-26T17:21:14","guid":{"rendered":"https:\/\/casadelaalquimiaaliksir.com\/?page_id=41"},"modified":"2024-08-15T17:52:12","modified_gmt":"2024-08-15T15:52:12","slug":"alquimia-y-espagiria","status":"publish","type":"page","link":"https:\/\/casadelaalquimiaaliksir.com\/index.php\/alquimia-y-espagiria\/","title":{"rendered":"Alquimia y Espagiria"},"content":{"rendered":"<p>[et_pb_section fb_built=\u00bb1&#8243; _builder_version=\u00bb4.24.2&#8243; _module_preset=\u00bbdefault\u00bb background_image=\u00bbhttp:\/\/casadelaalquimiaaliksir.com\/wp-content\/uploads\/2024\/03\/pattern-sepia-1.png\u00bb custom_padding=\u00bb||28px|||\u00bb global_colors_info=\u00bb{}\u00bb][\/et_pb_section][et_pb_section fb_built=\u00bb1&#8243; _builder_version=\u00bb4.24.2&#8243; _module_preset=\u00bbdefault\u00bb global_colors_info=\u00bb{}\u00bb][et_pb_row _builder_version=\u00bb4.24.2&#8243; _module_preset=\u00bbdefault\u00bb global_colors_info=\u00bb{}\u00bb][et_pb_column type=\u00bb4_4&#8243; _builder_version=\u00bb4.24.2&#8243; _module_preset=\u00bbdefault\u00bb global_colors_info=\u00bb{}\u00bb][et_pb_text _builder_version=\u00bb4.24.2&#8243; _module_preset=\u00bbdefault\u00bb header_font=\u00bb|600|||||||\u00bb header_text_color=\u00bb#8e5607&#8243; global_colors_info=\u00bb{}\u00bb]<\/p>\n<h1 style=\"text-align: center;\"><em>Alquimia y Espagiria<\/em><\/h1>\n<p>[\/et_pb_text][\/et_pb_column][\/et_pb_row][et_pb_row _builder_version=\u00bb4.24.2&#8243; _module_preset=\u00bbdefault\u00bb box_shadow_style=\u00bbpreset6&#8243; global_colors_info=\u00bb{}\u00bb][et_pb_column type=\u00bb4_4&#8243; _builder_version=\u00bb4.24.2&#8243; _module_preset=\u00bbdefault\u00bb global_colors_info=\u00bb{}\u00bb][et_pb_text _builder_version=\u00bb4.24.2&#8243; _module_preset=\u00bbdefault\u00bb text_text_color=\u00bb#8e5607&#8243; text_font_size=\u00bb16px\u00bb header_font=\u00bb|600|||||||\u00bb header_text_color=\u00bb#8e5607&#8243; custom_padding=\u00bb|20px||20px|false|true\u00bb global_colors_info=\u00bb{}\u00bb]<\/p>\n<p><em><span><span class='et-dropcap'>L<\/span>a palabra Alquimia procede del art\u00edculo determinado \u00e1rabe \u00ab<strong>al<\/strong>\u00bb y el t\u00e9rmino kemi, que deriva de \u00ab<strong>khemit<\/strong>\u00bb y designa la tierra negra y fecunda que cubre la tierra de Egipto tras las peri\u00f3dicas inundaciones del Nilo.<\/span><\/em><\/p>\n<p>[\/et_pb_text][\/et_pb_column][\/et_pb_row][\/et_pb_section][et_pb_section fb_built=\u00bb1&#8243; _builder_version=\u00bb4.24.2&#8243; _module_preset=\u00bbdefault\u00bb global_colors_info=\u00bb{}\u00bb][et_pb_row column_structure=\u00bb1_2,1_2&#8243; _builder_version=\u00bb4.24.2&#8243; _module_preset=\u00bbdefault\u00bb global_colors_info=\u00bb{}\u00bb][et_pb_column type=\u00bb1_2&#8243; _builder_version=\u00bb4.24.2&#8243; _module_preset=\u00bbdefault\u00bb global_colors_info=\u00bb{}\u00bb][et_pb_image src=\u00bbhttp:\/\/casadelaalquimiaaliksir.com\/wp-content\/uploads\/2024\/03\/ilustraciones9-1.jpg\u00bb title_text=\u00bbilustraciones9&#8243; _builder_version=\u00bb4.24.2&#8243; _module_preset=\u00bbdefault\u00bb global_colors_info=\u00bb{}\u00bb][\/et_pb_image][\/et_pb_column][et_pb_column type=\u00bb1_2&#8243; _builder_version=\u00bb4.24.2&#8243; _module_preset=\u00bbdefault\u00bb global_colors_info=\u00bb{}\u00bb][et_pb_text _builder_version=\u00bb4.27.0&#8243; _module_preset=\u00bbdefault\u00bb text_font_size=\u00bb16px\u00bb min_height=\u00bb116.6px\u00bb global_colors_info=\u00bb{}\u00bb]<\/p>\n<p><span><\/span><\/p>\n<p><span><\/span><\/p>\n<p><span><\/span><\/p>\n<p><span><span class='et-dropcap'>A<\/span> <\/span>s\u00ed pues Alquimia podr\u00eda traducirse por \u00ablo de Egipto\u00bb o \u00abla ciencia de Egipto\u00bbo bien afinando algo \u00abla ciencia de la tierra negra\u00bb. La Alquimia es una ciencia ancestral y sagrada, pueden rastrearse sus s\u00edmbolos y conceptos en tradiciones y culturas tan dispares como el antiguo Egipto, la China antigua, el ayurveda hind\u00fa o la tradici\u00f3n celta, coincidiendo notablemente su desarrollo simb\u00f3lico y conceptual m\u00e1s all\u00e1 de las diferencias culturales.<\/p>\n<p>[\/et_pb_text][et_pb_divider show_divider=\u00bboff\u00bb disabled_on=\u00bbon|on|off\u00bb _builder_version=\u00bb4.27.0&#8243; _module_preset=\u00bbdefault\u00bb min_height=\u00bb14.8px\u00bb custom_margin=\u00bb12px||||false|false\u00bb custom_padding=\u00bb57px||57px||true|false\u00bb global_colors_info=\u00bb{}\u00bb][\/et_pb_divider][et_pb_text _builder_version=\u00bb4.24.2&#8243; _module_preset=\u00bbdefault\u00bb text_font_size=\u00bb16px\u00bb custom_margin=\u00bb-45px|||||\u00bb global_colors_info=\u00bb{}\u00bb]<\/p>\n<p><span><span class='et-dropcap'>L<\/span><\/span><span>a Alquimia es ciencia y arte y el alquimista, conociendo las fuerzas de la Naturaleza y el significado profundo de las cosas, intenta ayudarla a realizar su prop\u00f3sito, que es reflejar la perfecci\u00f3n de la Unidad, m\u00e1s all\u00e1 de la aparente multiplicidad del mundo. Trabajando con una materia terrestre y un esp\u00edritu celeste, el alquimista despierta en ella con la ayuda de Dios la simiente de Vida que lleva escondida y sabiamente la gu\u00eda hasta realizar el Prop\u00f3sito que la re\u00fane con la Fuente sagrada de la que parti\u00f3. Haciendo esto el alquimista se convierte en partero de la Naturaleza y realiza tambi\u00e9n su verdadero Destino.<\/span><\/p>\n<p>[\/et_pb_text][\/et_pb_column][\/et_pb_row][\/et_pb_section][et_pb_section fb_built=\u00bb1&#8243; _builder_version=\u00bb4.24.2&#8243; _module_preset=\u00bbdefault\u00bb background_color=\u00bb#f9f1d9&#8243; global_colors_info=\u00bb{}\u00bb][et_pb_row column_structure=\u00bb1_2,1_2&#8243; _builder_version=\u00bb4.24.2&#8243; _module_preset=\u00bbdefault\u00bb global_colors_info=\u00bb{}\u00bb][et_pb_column type=\u00bb1_2&#8243; _builder_version=\u00bb4.24.2&#8243; _module_preset=\u00bbdefault\u00bb global_colors_info=\u00bb{}\u00bb][et_pb_text _builder_version=\u00bb4.24.2&#8243; _module_preset=\u00bbdefault\u00bb text_font_size=\u00bb16px\u00bb custom_padding=\u00bb16px|16px|16px|16px|true|true\u00bb box_shadow_style=\u00bbpreset6&#8243; global_colors_info=\u00bb{}\u00bb]<\/p>\n<p><span>LA ESPAGIRIA<\/span><\/p>\n<p><span><span class='et-dropcap'>E<\/span>sta palabra fue acu\u00f1ada por el m\u00e9dico y alquimista Paracelso para definir la utilizaci\u00f3n de las leyes herm\u00e9ticas y los m\u00e9todos de la Alquimia a la preparaci\u00f3n de medicamentos \u00abdespiertos\u00bb o vivos, tanto del mundo vegetal como del mineral. Asimismo designa a la forma de sanaci\u00f3n basada en la Filosof\u00eda Herm\u00e9tica, que entiende la Vida como la relaci\u00f3n arm\u00f3nica entre los distintos aspectos que se despliegan de la Unidad en la manifestaci\u00f3n del cosmos.<\/span><\/p>\n<p><span><span class='et-dropcap'>E<\/span>l espagirista a imitaci\u00f3n de la Naturaleza, descompone o separa lo impuro, para reunir las partes en un estado m\u00e1s perfecto o arm\u00f3nico seg\u00fan el n\u00famero, peso y medida, obteniendo as\u00ed medicinas portadoras del \u00abEsp\u00edritus Mundi\u00bb o fuerza de la vida en una modulaci\u00f3n concreta para sanar al enfermo seg\u00fan lo necesite.<\/span><\/p>\n<p><span><span class='et-dropcap'>L<\/span>a Espagiria no deja de ser Alquimia con un prop\u00f3sito m\u00e1s sencillo, pero el esp\u00edritu que la gu\u00eda es el mismo que el de su noble Hermana.<\/span><\/p>\n<p>[\/et_pb_text][\/et_pb_column][et_pb_column type=\u00bb1_2&#8243; _builder_version=\u00bb4.24.2&#8243; _module_preset=\u00bbdefault\u00bb global_colors_info=\u00bb{}\u00bb][et_pb_text _builder_version=\u00bb4.24.2&#8243; _module_preset=\u00bbdefault\u00bb text_font_size=\u00bb16px\u00bb global_colors_info=\u00bb{}\u00bb]<\/p>\n<p><span>\u00abTABLA DE ESMERALDA (Tabula Smaragdina) Atribuida a Hermes Trismegisto:<\/span><\/p>\n<p><span><span class='et-dropcap'>E<\/span>s verdad, sin mentira, cierto y muy verdadero: lo que est\u00e1 abajo es como lo que est\u00e1 arriba y lo que est\u00e1 arriba es como lo que est\u00e1 abajo para hacer los milagros de una sola cosa.<\/span><\/p>\n<p><span><span class='et-dropcap'>Y<\/span>as\u00ed como todas las cosas han sido y han venido de uno por mediaci\u00f3n de uno, as\u00ed todas las cosas han nacido de esta cosa \u00fanica por adaptaci\u00f3n.<\/span><\/p>\n<p><span><span class='et-dropcap'>E<\/span>l Sol es su padre, la Luna es su madre, el viento la ha llevado en su seno, la tierra es su nodriza; el padre de todo, el Thelesma de todo el mundo, est\u00e1 aqu\u00ed; su fuerza y potencia ser\u00e1n completas si es convertido en tierra.<\/span><\/p>\n<p><span><span class='et-dropcap'>S<\/span>eparar\u00e1s la tierra del fuego, lo sutil de lo espeso, suavemente y con gran industria; subir\u00e1 de la tierra al cielo y de nuevo bajar\u00e1 a la tierra: de este modo recibe la fuerza de las cosas superiores e inferiores.<\/span><\/p>\n<p><span><span class='et-dropcap'>S<\/span>or este medio tendr\u00e1s la gloria de todo el mundo y toda oscuridad se alejar\u00e1 de ti. \u00abEs la fuerza fuente de toda fuerza\u00bb, pues vencer\u00e1 toda cosa sutil y penetrar\u00e1 toda cosa s\u00f3lida. As\u00ed fue creado el mundo. De esto se har\u00e1n y surgir\u00e1n admirables adaptaciones cuyo medio est\u00e1 aqu\u00ed.<\/span><\/p>\n<p><span><span class='et-dropcap'>P<\/span>or eso he sido llamado Hermes Trismegisto, porque poseo las tres partes de la sabidur\u00eda de todo el mundo.<\/span><\/p>\n<p><span><span class='et-dropcap'>L<\/span>o que he dicho de la Operaci\u00f3n del Sol est\u00e1 cumplido y acabado.<\/span><span><\/span><\/p>\n<p>[\/et_pb_text][et_pb_text _builder_version=\u00bb4.24.2&#8243; _module_preset=\u00bbdefault\u00bb text_font_size=\u00bb16px\u00bb global_colors_info=\u00bb{}\u00bb]<\/p>\n<h2><em><strong>Santiago Jubany<\/strong><\/em><\/h2>\n<p><span class=\"et-dropcap\">C<\/span> <em>onforme a la traducci\u00f3n de la Bibliotheque des Philosphes Chimiques; en \u201cObras Completas\u201d, Ed. Continente. <\/em><\/p>\n<p><em><strong>Yabir abu Omar<\/strong> traducci\u00f3n propia :<span>\u00abEs la fuerza fuente de toda fuerza\u00bb<\/span><\/em><\/p>\n<p>[\/et_pb_text][\/et_pb_column][\/et_pb_row][\/et_pb_section]<\/p>\n","protected":false},"excerpt":{"rendered":"<p>Alquimia y Espagiria<span class='et-dropcap'>L<\/span>a palabra Alquimia procede del art\u00edculo determinado \u00e1rabe \u00abal\u00bb y el t\u00e9rmino kemi, que deriva de \u00abkhemit\u00bb y designa la tierra negra y fecunda que cubre la tierra de Egipto tras las peri\u00f3dicas inundaciones del Nilo. <span class='et-dropcap'>A<\/span> s\u00ed pues Alquimia podr\u00eda traducirse por \u00ablo de Egipto\u00bb o \u00abla ciencia de Egipto\u00bbo bien afinando [&hellip;]<\/p>\n","protected":false},"author":2,"featured_media":0,"parent":0,"menu_order":0,"comment_status":"closed","ping_status":"closed","template":"","meta":{"_et_pb_use_builder":"on","_et_pb_old_content":"","_et_gb_content_width":"","footnotes":""},"class_list":["post-41","page","type-page","status-publish","hentry"],"_links":{"self":[{"href":"https:\/\/casadelaalquimiaaliksir.com\/index.php\/wp-json\/wp\/v2\/pages\/41","targetHints":{"allow":["GET"]}}],"collection":[{"href":"https:\/\/casadelaalquimiaaliksir.com\/index.php\/wp-json\/wp\/v2\/pages"}],"about":[{"href":"https:\/\/casadelaalquimiaaliksir.com\/index.php\/wp-json\/wp\/v2\/types\/page"}],"author":[{"embeddable":true,"href":"https:\/\/casadelaalquimiaaliksir.com\/index.php\/wp-json\/wp\/v2\/users\/2"}],"replies":[{"embeddable":true,"href":"https:\/\/casadelaalquimiaaliksir.com\/index.php\/wp-json\/wp\/v2\/comments?post=41"}],"version-history":[{"count":6,"href":"https:\/\/casadelaalquimiaaliksir.com\/index.php\/wp-json\/wp\/v2\/pages\/41\/revisions"}],"predecessor-version":[{"id":545,"href":"https:\/\/casadelaalquimiaaliksir.com\/index.php\/wp-json\/wp\/v2\/pages\/41\/revisions\/545"}],"wp:attachment":[{"href":"https:\/\/casadelaalquimiaaliksir.com\/index.php\/wp-json\/wp\/v2\/media?parent=41"}],"curies":[{"name":"wp","href":"https:\/\/api.w.org\/{rel}","templated":true}]}}